?
True
Is 461386487 a prime number?
True
Is 40091240395 composite?
True
Is 88863581849 composite?
True
Is 114281995 a composite number?
True
Is 2940683869 a prime number?
True
Is 316497439 a prime number?
False
Is 2391385063 a prime number?
False
Is 16066735089 composite?
True
Is 6907636147 a composite number?
False
Is 12005885027 a composite number?
True
Is 3242300273 a composite number?
False
Is 3245043343 a composite number?
True
Is 186081137 prime?
False
Is 60927523171 a composite number?
False
Is 1244483333 a prime number?
False
Is 5300361545 a composite number?
True
Is 18513927155 a composite number?
True
Is 378781927 composite?
False
Is 1652454763 a composite number?
True
Is 38266772249 a prime number?
False
Is 4868262274 a composite number?
True
Is 87654754897 a composite number?
False
Is 87601410917 composite?
False
Is 20995441 composite?
True
Is 613449721 a prime number?
False
Is 63610567 prime?
False
Is 51753241301 a composite number?
False
Is 200322959 a composite number?
False
Is 5774994493 a prime number?
True
Is 165576941 composite?
False
Is 743122691 prime?
False
Is 2792271701 composite?
True
Is 8213949967 prime?
True
Is 3083865007 prime?
True
Is 11221933153 a composite number?
True
Is 4346699821 prime?
True
Is 3126682733 prime?
False
Is 1633700339 prime?
False
Is 1085339701 prime?
True
Is 63028923341 a composite number?
True
Is 914502649 a prime number?
False
Is 1227823901 prime?
True
Is 1421013887 composite?
False
Is 12392953019 composite?
True
Is 1525386001 composite?
False
Is 32735961317 prime?
True
Is 246769323629 a composite number?
True
Is 1457133787 a prime number?
True
Is 237128275589 a composite number?
False
Is 37817513 composite?
False
Is 51278641 a prime number?
False
Is 64042165751 a composite number?
False
Is 4823068961 a prime number?
True
Is 30804889237 a composite number?
False
Is 392932607 prime?
True
Is 5314690973 composite?
False
Is 10928873365 composite?
True
Is 56320289099 a composite number?
True
Is 2176823963 composite?
False
Is 493549509 prime?
False
Is 16611306821 a composite number?
True
Is 71687039 a composite number?
True
Is 166169281 a prime number?
True
Is 186120527135 a prime number?
False
Is 157658101 a prime number?
False
Is 174455852377 a composite number?
False
Is 516198307 composite?
False
Is 1146473297 composite?
False
Is 15556951627 composite?
True
Is 67330363 a prime number?
False
Is 30195034645 a prime number?
False
Is 4800086927 a composite number?
True
Is 18010046749 prime?
True
Is 3260531207 composite?
False
Is 15341594999 a prime number?
True
Is 210915739 prime?
True
Is 2813718703 composite?
False
Is 17857637461 a composite number?
True
Is 17729553053 composite?
True
Is 1511348719 composite?
False
Is 690542981 a prime number?
False
Is 11400775793 a prime number?
False
Is 19354396823 a composite number?
False
Is 26736477983 a prime number?
False
Is 28475229551 a composite number?
True
Is 5273324167 prime?
True
Is 1798288559 prime?
True
Is 3565597813 a prime number?
False
Is 10478161 a composite number?
False
Is 40205548913 a composite number?
True
Is 1509351713 a prime number?
False
Is 97827065933 composite?
False
Is 47415355583 a composite number?
True
Is 14963792381 composite?
False
Is 24146791387 prime?
False
Is 13887016201 prime?
True
Is 5368982651 a prime number?
False
Is 5155959823 a prime number?
False
Is 7070031977 prime?
True
Is 7067207359 a prime number?
False
Is 61041284683 prime?
False
Is 9466460393 a prime number?
False
Is 13810423753 a composite number?
True
Is 1324230955 a prime number?
False
Is 14448719657 a prime number?
True
Is 11068225153 a prime number?
True
Is 131430799 a prime number?
False
Is 48646236307 a composite number?
True
Is 195208978 a prime number?
False
Is 40736091061 prime?
True
Is 596352737 prime?
True
Is 7359242071 prime?
True
Is 3873314633 a prime number?
True
Is 538917989 composite?
True
Is 58279270645 composite?
True
Is 4425074671 prime?
False
Is 8247651103 prime?
False
Is 6511582867 composite?
False
Is 610081783 a composite number?
False
Is 191039963 a composite number?
True
Is 3056637151 prime?
False
Is 6789924209 a prime number?
True
Is 91896597607 composite?
False
Is 28575082717 composite?
True
Is 1441537781 prime?
False
Is 4422058817 a prime number?
False
Is 12841414699 composite?
True
Is 22278985 prime?
False
Is 595301081 prime?
False
Is 523526371 prime?
False
Is 4177907717 a composite number?
False
Is 562240997 composite?
False
Is 3183187879 composite?
True
Is 3387399611 composite?
False
Is 249781488431 composite?
False
Is 29772709231 prime?
True
Is 773081461 a prime number?
False
Is 5140058269 a composite number?
False
Is 1026941485 a prime number?
False
Is 73142566579 composite?
False
Is 88520369437 a prime number?
True
Is 14469387343 prime?
False
Is 1068309833 composite?
False
Is 638272105 a prime number?
False
Is 784580197 a composite number?
True
Is 6190293295 prime?
False
Is 8184996007 a composite number?
False
Is 8021323 composite?
False
Is 30242207539 prime?
True
Is 182061769 prime?
True
Is 2517534109 composite?
True
Is 276041683 prime?
True
Is 22131349063 a composite number?
False
Is 952111009 composite?
False
Is 32220214417 composite?
False
Is 25269743423 prime?
True
Is 301956871 composite?
False
Is 31964501 prime?
True
Is 40902596297 a composite number?
False
Is 6967135429 prime?
True
Is 14086938101 a composite number?
False
Is 911397547 a prime number?
False
Is 133417693 a composite number?
False
Is 327480617 a composite number?
False
Is 1427650933 a composite number?
True
Is 30729860443 composite?
True
Is 7187926465 prime?
False
Is 6821670599 a composite number?
True
Is 12189324193 prime?
False
Is 152781053219 a prime number?
True
Is 1362316129 a composite number?
False
Is 262395446 a prime number?
False
Is 80287859459 a prime number?
True
Is 14164316321 prime?
True
Is 2738347033 a prime number?
True
Is 8382059087 composite?
False
Is 47878841509 a prime number?
True
Is 50058634253 composite?
False
Is 821003063 a prime number?
True
Is 103372017439 a composite number?
False
Is 50619029 a prime number?
True
Is 19536302089 composite?
False
Is 14317424581 a prime number?
False
Is 16926196691 a prime number?
True
Is 6915283553 prime?
False
Is 45241991 prime?
True
Is 133885769 a prime number?
False
Is 14743735 a composite number?
True
Is 20818932539 prime?
False
Is 33965199833 composite?
True
Is 2632961857 a prime number?
True
Is 80606931481 composite?
False
Is 419095087 a prime number?
True
Is 8622112393 a composite number?
False
Is 90866412427 composite?
True
Is 9222160418 a prime number?
False
Is 1046966819 composite?
False
Is 667798647 composite?
True
Is 244551911 composite?
True
Is 4744093903 a composite number?
False
Is 62392579 composite?
False
Is 4907751059 a prime number?
True
Is 53265201553 composite?
True
Is 1192020033 a prime number?
False
Is 1115289271 composite?
False
Is 822071273 composite?
False
Is 3447578467 composite?
False
Is 2457660937 a composite number?
True
Is 630164527 prime?
False
Is 3308092541 composite?
True
Is 17909969471 prime?
True
Is 1491015839 prime?
True
Is 104665567 a composite number?
False
Is 746544251 a composite number?
False
Is 521734819 a prime number?
True
Is 10839780869 composite?
False
Is 9061119341 a composite number?
False
Is 5832303193 prime?
True
Is 909179951 composite?
False
Is 10642186519 a composite number?
False
Is 1793555839 composite?
False
Is 2893972523 composite?
True
Is 1853612099 prime?
True
Is 80824573379 a composite number?
True
Is 939454897 composite?
True
Is 18823394663 a prime number?
False
Is 217934231 prime?
False
Is 213352244371 composite?
True
Is 4897642213 composite?
True
Is 99471139 a composite number?
False
Is 52643181313 prime?
False
Is 897481679 prime?
False
Is 3398293277 prime?
False
Is 126260042603 a composite number?
False
Is 3651024983 a composite number?
False
Is 1389463841 a prime number?
True
Is 202046864329 a prime number?
False
Is 4148965657 composite?
False
Is 800475857 composite?
False
Is 846728803 a prime number?
True
Is 2562355742 a prime number?
False
Is 18365567141 composite?
True
Is 1778738651 prime?
False
Is 553740791 prime?
True
Is 89445031483 composite?
True
Is 3913255813 a composite number?
True
Is 265263938137 a prime number?
False
Is 95